{"id":878,"date":"2022-11-17T14:19:55","date_gmt":"2022-11-17T13:19:55","guid":{"rendered":"http:\/\/jeanpierredanel.com\/web\/?page_id=878"},"modified":"2023-04-07T09:28:55","modified_gmt":"2023-04-07T07:28:55","slug":"contact-2","status":"publish","type":"page","link":"https:\/\/www.jeanpierredanel.com\/web\/index.php\/contact-2\/","title":{"rendered":"Contact"},"content":{"rendered":"\n<div class=\"wp-block-columns is-layout-flex wp-container-core-columns-is-layout-9d6595d7 wp-block-columns-is-layout-flex\">\n<div class=\"wp-block-column is-layout-flow wp-block-column-is-layout-flow\" style=\"flex-basis:66.66%\"><form  class=\"kaliforms-form-container bootstrap-wrapper rounded-borders \" data-form-id=\"1039\" style=\"opacity:0\"><div id=\"kaliforms-global-error-message-1039\" class=\"global-error-message\"><\/div><div class=\"row kali-form-field-row\"><div class=\"col-12 col-md-12 \"><span  data-internal-id=\"freetext0\" type=\"freeText\" id=\"greetings\" name=\"freeText\">Merci d'utiliser le formulaire ci-dessous pour tout contact<\/span><\/div><\/div><div class=\"row kali-form-field-row\"><div class=\"col-12 col-md-6 \"><label  for=\"first-name\">Votre nom <span class=\"kali-required-mark\">*<\/span><\/label><input  data-internal-id=\"textbox2\" type=\"text\" id=\"first-name\" name=\"first-name\" data-properties.type=\"text\" required ><\/div><div class=\"col-12 col-md-6 \"><label  for=\"last-name\">Votre pr\u00e9nom <span class=\"kali-required-mark\">*<\/span><\/label><input  data-internal-id=\"textbox3\" type=\"text\" id=\"last-name\" name=\"last-name\" data-properties.type=\"text\" required ><\/div><\/div><div class=\"row kali-form-field-row\"><div class=\"col-12 col-md-12 \"><label  for=\"email\">Adresse email <span class=\"kali-required-mark\">*<\/span><\/label><input  data-internal-id=\"textbox4\" type=\"text\" id=\"email\" name=\"email\" data-properties.type=\"text\" required ><\/div><\/div><div class=\"row kali-form-field-row\"><div class=\"col-12 col-md-12 \"><label  for=\"message\">Votre demande \/ message <span class=\"kali-required-mark\">*<\/span><\/label><textarea  data-internal-id=\"textarea5\" type=\"textarea\" id=\"message\" name=\"message\"required  rows=\"5\" class=\"input\"><\/textarea><\/div><\/div><div class=\"row kali-form-field-row\"><div class=\"col-12 col-md-12 \"><input  data-internal-id=\"submitbutton6\" type=\"submit\" id=\"submit\" data-style=\"default\"  class=\"input\" value=\"Envoyer\" ><\/div><\/div><!-- This form was built using Kali Forms --><\/form>\n<\/div>\n\n\n\n<div class=\"wp-block-column is-layout-flow wp-block-column-is-layout-flow\" style=\"flex-basis:33.33%\">\n<figure class=\"wp-block-image size-full\"><img fetchpriority=\"high\" decoding=\"async\" width=\"533\" height=\"800\" src=\"https:\/\/www.jeanpierredanel.com\/web\/wp-content\/uploads\/2023\/04\/Jean-Pierre-Danel-Novembre-2014-41.jpg\" alt=\"\" class=\"wp-image-1333\" srcset=\"https:\/\/www.jeanpierredanel.com\/web\/wp-content\/uploads\/2023\/04\/Jean-Pierre-Danel-Novembre-2014-41.jpg 533w, https:\/\/www.jeanpierredanel.com\/web\/wp-content\/uploads\/2023\/04\/Jean-Pierre-Danel-Novembre-2014-41-200x300.jpg 200w, https:\/\/www.jeanpierredanel.com\/web\/wp-content\/uploads\/2023\/04\/Jean-Pierre-Danel-Novembre-2014-41-77x116.jpg 77w\" sizes=\"(max-width: 533px) 100vw, 533px\" \/><\/figure>\n\n\n\n<div class=\"sfsi_widget sfsi_shortcode_container\"><div class=\"norm_row sfsi_wDiv \"  style=\"width:270px;text-align:left;\"><div style='width:40px; height:40px;margin-left:5px;margin-bottom:5px; ' class='sfsi_wicons shuffeldiv ' ><div class='inerCnt'><a class=' sficn' data-effect='fade_in' target='_blank' rel='noopener'  href='https:\/\/www.facebook.com\/jeanpierredanel' id='sfsiid_facebook_icon' style='width:40px;height:40px;opacity:0.6;'  ><img data-pin-nopin='true' alt='Facebook' title='Facebook' src='https:\/\/www.jeanpierredanel.com\/web\/wp-content\/plugins\/ultimate-social-media-icons\/images\/icons_theme\/default\/default_facebook.png' width='40' height='40' style='' class='sfcm sfsi_wicon ' data-effect='fade_in'   \/><\/a><\/div><\/div><div style='width:40px; height:40px;margin-left:5px;margin-bottom:5px; ' class='sfsi_wicons shuffeldiv ' ><div class='inerCnt'><a class=' sficn' data-effect='fade_in' target='_blank' rel='noopener'  href='https:\/\/twitter.com\/JeanPierreDanel' id='sfsiid_twitter_icon' style='width:40px;height:40px;opacity:0.6;'  ><img data-pin-nopin='true' alt='Twitter' title='Twitter' src='https:\/\/www.jeanpierredanel.com\/web\/wp-content\/plugins\/ultimate-social-media-icons\/images\/icons_theme\/default\/default_twitter.png' width='40' height='40' style='' class='sfcm sfsi_wicon ' data-effect='fade_in'   \/><\/a><\/div><\/div><div style='width:40px; height:40px;margin-left:5px;margin-bottom:5px; ' class='sfsi_wicons shuffeldiv ' ><div class='inerCnt'><a class=' sficn' data-effect='fade_in' target='_blank' rel='noopener'  href='https:\/\/www.youtube.com\/channel\/UCWQd0Ya-fOX_IpmV10ReXUw' id='sfsiid_youtube_icon' style='width:40px;height:40px;opacity:0.6;'  ><img data-pin-nopin='true' alt='YouTube' title='YouTube' src='https:\/\/www.jeanpierredanel.com\/web\/wp-content\/plugins\/ultimate-social-media-icons\/images\/icons_theme\/default\/default_youtube.png' width='40' height='40' style='' class='sfcm sfsi_wicon ' data-effect='fade_in'   \/><\/a><\/div><\/div><div style='width:40px; height:40px;margin-left:5px;margin-bottom:5px; ' class='sfsi_wicons shuffeldiv ' ><div class='inerCnt'><a class=' sficn' data-effect='fade_in' target='_blank' rel='noopener'  href='https:\/\/www.pinterest.fr\/jeanpierredanel\/' id='sfsiid_pinterest_icon' style='width:40px;height:40px;opacity:0.6;'  ><img data-pin-nopin='true' alt='Pinterest' title='Pinterest' src='https:\/\/www.jeanpierredanel.com\/web\/wp-content\/plugins\/ultimate-social-media-icons\/images\/icons_theme\/default\/default_pinterest.png' width='40' height='40' style='' class='sfcm sfsi_wicon ' data-effect='fade_in'   \/><\/a><\/div><\/div><div style='width:40px; height:40px;margin-left:5px;margin-bottom:5px; ' class='sfsi_wicons shuffeldiv ' ><div class='inerCnt'><a class=' sficn' data-effect='fade_in' target='_blank' rel='noopener'  href='https:\/\/www.instagram.com\/jeanpierredanel\/' id='sfsiid_instagram_icon' style='width:40px;height:40px;opacity:0.6;'  ><img data-pin-nopin='true' alt='Instagram' title='Instagram' src='https:\/\/www.jeanpierredanel.com\/web\/wp-content\/plugins\/ultimate-social-media-icons\/images\/icons_theme\/default\/default_instagram.png' width='40' height='40' style='' class='sfcm sfsi_wicon ' data-effect='fade_in'   \/><\/a><\/div><\/div><div style='width:40px; height:40px;margin-left:5px;margin-bottom:5px; ' class='sfsi_wicons shuffeldiv ' ><div class='inerCnt'><a class=' sficn' data-effect='fade_in' target='_blank' rel='noopener'  href='https:\/\/www.tiktok.com\/@jeanpierredanel' id='sfsiid_tiktok_icon' style='width:40px;height:40px;opacity:0.6;'  ><img data-pin-nopin='true' alt='' title='' src='https:\/\/www.jeanpierredanel.com\/web\/wp-content\/plugins\/ultimate-social-media-icons\/images\/icons_theme\/default\/default_tiktok.png' width='40' height='40' style='' class='sfcm sfsi_wicon ' data-effect='fade_in'   \/><\/a><\/div><\/div><\/div ><div id=\"sfsi_holder\" class=\"sfsi_holders\" style=\"position: relative; float: left;width:100%;z-index:-1;\"><\/div ><script>window.addEventListener(\"sfsi_functions_loaded\", function()\n\t\t\t{\n\t\t\t\tif (typeof sfsi_widget_set == \"function\") {\n\t\t\t\t\tsfsi_widget_set();\n\t\t\t\t}\n\t\t\t}); <\/script><div style=\"clear: both;\"><\/div><\/div>\n\n\n\n<hr class=\"wp-block-separator has-alpha-channel-opacity\"\/>\n\n\n\n<p class=\"has-black-color has-text-color\"><br><p class=\"has-black-color has-text-color\"><strong>PUZZLE PRODUCTIONS<\/strong><br>102 Avenue des Champs-\u00c9lys\u00e9es<br>75008, Paris<\/p><\/p>\n\n\n\n<p class=\"has-black-color has-text-color\">T\u00e9l. : 02.38.96.84.92<\/p>\n<\/div>\n<\/div>\n\n\n\n<p><\/p>\n","protected":false},"excerpt":{"rendered":"<p>PUZZLE PRODUCTIONS102 Avenue des Champs-\u00c9lys\u00e9es75008, Paris T\u00e9l. : 02.38.96.84.92<\/p>\n","protected":false},"author":1,"featured_media":0,"parent":0,"menu_order":0,"comment_status":"closed","ping_status":"closed","template":"","meta":{"ngg_post_thumbnail":0,"footnotes":""},"class_list":["post-878","page","type-page","status-publish","hentry"],"_links":{"self":[{"href":"https:\/\/www.jeanpierredanel.com\/web\/index.php\/wp-json\/wp\/v2\/pages\/878","targetHints":{"allow":["GET"]}}],"collection":[{"href":"https:\/\/www.jeanpierredanel.com\/web\/index.php\/wp-json\/wp\/v2\/pages"}],"about":[{"href":"https:\/\/www.jeanpierredanel.com\/web\/index.php\/wp-json\/wp\/v2\/types\/page"}],"author":[{"embeddable":true,"href":"https:\/\/www.jeanpierredanel.com\/web\/index.php\/wp-json\/wp\/v2\/users\/1"}],"replies":[{"embeddable":true,"href":"https:\/\/www.jeanpierredanel.com\/web\/index.php\/wp-json\/wp\/v2\/comments?post=878"}],"version-history":[{"count":8,"href":"https:\/\/www.jeanpierredanel.com\/web\/index.php\/wp-json\/wp\/v2\/pages\/878\/revisions"}],"predecessor-version":[{"id":1475,"href":"https:\/\/www.jeanpierredanel.com\/web\/index.php\/wp-json\/wp\/v2\/pages\/878\/revisions\/1475"}],"wp:attachment":[{"href":"https:\/\/www.jeanpierredanel.com\/web\/index.php\/wp-json\/wp\/v2\/media?parent=878"}],"curies":[{"name":"wp","href":"https:\/\/api.w.org\/{rel}","templated":true}]}}